{"id":14242,"date":"2021-03-30T08:45:33","date_gmt":"2021-03-30T07:45:33","guid":{"rendered":"https:\/\/clinicadelriohortega.es\/chiropody\/laura-hernandez\/"},"modified":"2025-05-05T15:38:18","modified_gmt":"2025-05-05T14:38:18","slug":"laura-hernandez","status":"publish","type":"page","link":"https:\/\/clinicadelriohortega.es\/en\/chiropody\/laura-hernandez\/","title":{"rendered":"Ms. Laura Hern\u00e1ndez"},"content":{"rendered":"<p><div class=\"fusion-fullwidth fullwidth-box fusion-builder-row-1 fusion-flex-container nonhundred-percent-fullwidth non-hundred-percent-height-scrolling\" style=\"--awb-border-radius-top-left:0px;--awb-border-radius-top-right:0px;--awb-border-radius-bottom-right:0px;--awb-border-radius-bottom-left:0px;--awb-flex-wrap:wrap;\" ><div class=\"fusion-builder-row fusion-row fusion-flex-align-items-flex-start fusion-flex-content-wrap\" style=\"max-width:1310.4px;margin-left: calc(-4% \/ 2 );margin-right: calc(-4% \/ 2 );\"><div class=\"fusion-layout-column fusion_builder_column fusion-builder-column-0 fusion_builder_column_1_1 1_1 fusion-flex-column\" style=\"--awb-bg-size:cover;--awb-width-large:100%;--awb-margin-top-large:20px;--awb-spacing-right-large:1.92%;--awb-margin-bottom-large:20px;--awb-spacing-left-large:1.92%;--awb-width-medium:100%;--awb-order-medium:0;--awb-spacing-right-medium:1.92%;--awb-spacing-left-medium:1.92%;--awb-width-small:100%;--awb-order-small:0;--awb-spacing-right-small:1.92%;--awb-spacing-left-small:1.92%;\"><div class=\"fusion-column-wrapper fusion-column-has-shadow fusion-flex-justify-content-flex-start fusion-content-layout-column\"><div class=\"fusion-title title fusion-title-1 fusion-sep-none fusion-title-text fusion-title-size-one\"><h1 class=\"fusion-title-heading title-heading-left\" style=\"margin:0;\"><h1>Ms. Laura Hern\u00e1ndez<\/h1><\/h1><\/div><div class=\"fusion-text fusion-text-1\" style=\"--awb-font-size:18px;--awb-text-color:#cbaa5c;\"><p><strong><span class=\"HwtZe\" lang=\"en\"><span class=\"jCAhz ChMk0b\"><span class=\"ryNqvb\">PODIATRIST IN SANTA POLA<\/span><\/span><\/span><\/strong><\/p>\n<\/div><div class=\"fusion-text fusion-text-2\"><p><span class=\"HwtZe\" lang=\"en\"><span class=\"jCAhz ChMk0b\"><span class=\"ryNqvb\">Ms. Laura Hern\u00e1ndez Herrero is the <strong>head of our Podiatry Unit at Cl\u00ednica del R\u00edo-Hortega<\/strong>.<\/span><\/span> <span class=\"jCAhz ChMk0b\"><span class=\"ryNqvb\">She graduated in Podiatry (registration number 3064) from the Miguel Hern\u00e1ndez University of Elche and specialized in Nail Surgery and Infiltrations at the University of Plasencia.<\/span><\/span><\/span><\/p>\n<\/div><\/div><\/div><\/div><\/div><div class=\"fusion-fullwidth fullwidth-box fusion-builder-row-2 fusion-flex-container nonhundred-percent-fullwidth non-hundred-percent-height-scrolling\" style=\"--awb-border-radius-top-left:0px;--awb-border-radius-top-right:0px;--awb-border-radius-bottom-right:0px;--awb-border-radius-bottom-left:0px;--awb-flex-wrap:wrap;\" ><div class=\"fusion-builder-row fusion-row fusion-flex-align-items-flex-start fusion-flex-content-wrap\" style=\"max-width:1310.4px;margin-left: calc(-4% \/ 2 );margin-right: calc(-4% \/ 2 );\"><div class=\"fusion-layout-column fusion_builder_column fusion-builder-column-1 fusion_builder_column_1_2 1_2 fusion-flex-column fusion-flex-align-self-flex-start\" style=\"--awb-bg-size:cover;--awb-width-large:50%;--awb-margin-top-large:20px;--awb-spacing-right-large:0%;--awb-margin-bottom-large:20px;--awb-spacing-left-large:3.84%;--awb-width-medium:50%;--awb-order-medium:0;--awb-spacing-right-medium:0%;--awb-spacing-left-medium:3.84%;--awb-width-small:100%;--awb-order-small:0;--awb-spacing-right-small:1.92%;--awb-spacing-left-small:1.92%;\"><div class=\"fusion-column-wrapper fusion-column-has-shadow fusion-flex-justify-content-flex-start fusion-content-layout-column\"><div class=\"fusion-text fusion-text-3\"><p><span class=\"HwtZe\" lang=\"en\"><span class=\"jCAhz ChMk0b\"><span class=\"ryNqvb\">Her professional experience includes working as a podiatrist for various national sports teams, as well as participating in countless podiatry events and symposiums.<\/span><\/span> <span class=\"jCAhz ChMk0b\"><span class=\"ryNqvb\">Before joining our clinic, Laura worked in various clinics and hospitals in the province of Alicante, completing her time there to move to Santa Pola.<\/span><\/span><\/span><\/p>\n<p><span class=\"HwtZe\" lang=\"en\"><span class=\"jCAhz ChMk0b\"><span class=\"ryNqvb\">He stands out for his <strong>passion for his profession and for the excellent communication<\/strong> he offers to patients, explaining in a friendly way what is happening to us and how to solve it.<\/span><\/span><\/span><\/p>\n<p><span class=\"HwtZe\" lang=\"en\"><span class=\"jCAhz ChMk0b\"><span class=\"ryNqvb\"><strong>Specializing in dry needling of the lower limbs<\/strong>, she also performs gel nail reconstruction for dystrophic or fungal nails.<\/span><\/span> <span class=\"jCAhz ChMk0b\"><span class=\"ryNqvb\">Thanks to her research work since 2014 at Miguel Hern\u00e1ndez University, she has received additional training in anesthesia, inoculation techniques, and sample collection.<\/span><\/span><\/span><\/p>\n<\/div><\/div><\/div><div class=\"fusion-layout-column fusion_builder_column fusion-builder-column-2 fusion_builder_column_1_2 1_2 fusion-flex-column fusion-flex-align-self-center fusion-animated\" style=\"--awb-bg-size:cover;--awb-width-large:50%;--awb-margin-top-large:0px;--awb-spacing-right-large:13.824%;--awb-margin-bottom-large:0px;--awb-spacing-left-large:14.592%;--awb-width-medium:50%;--awb-order-medium:0;--awb-spacing-right-medium:13.824%;--awb-spacing-left-medium:14.592%;--awb-width-small:100%;--awb-order-small:0;--awb-spacing-right-small:1.92%;--awb-spacing-left-small:1.92%;\" data-animationType=\"fadeInRight\" data-animationDuration=\"0.3\" data-animationOffset=\"top-into-view\"><div class=\"fusion-column-wrapper fusion-column-has-shadow fusion-flex-justify-content-flex-start fusion-content-layout-column\"><div class=\"fusion-image-element \" style=\"--awb-max-width:100%;--awb-caption-title-font-family:var(--h2_typography-font-family);--awb-caption-title-font-weight:var(--h2_typography-font-weight);--awb-caption-title-font-style:var(--h2_typography-font-style);--awb-caption-title-size:var(--h2_typography-font-size);--awb-caption-title-transform:var(--h2_typography-text-transform);--awb-caption-title-line-height:var(--h2_typography-line-height);--awb-caption-title-letter-spacing:var(--h2_typography-letter-spacing);\"><span class=\" fusion-imageframe imageframe-none imageframe-1 hover-type-none\" style=\"border-radius:12px;\"><img loading=\"lazy\" decoding=\"async\" width=\"1063\" height=\"808\" alt=\"Podologa en Santa Pola Laura Hern\u00e1ndez\" title=\"podologia-santa-pola-laura-hernandez\" src=\"https:\/\/clinicadelriohortega.es\/wp-content\/uploads\/2021\/04\/podologia-santa-pola-laura-hernandez.jpg\" class=\"img-responsive wp-image-4969\" srcset=\"https:\/\/clinicadelriohortega.es\/wp-content\/uploads\/2021\/04\/podologia-santa-pola-laura-hernandez-200x152.jpg 200w, https:\/\/clinicadelriohortega.es\/wp-content\/uploads\/2021\/04\/podologia-santa-pola-laura-hernandez-400x304.jpg 400w, https:\/\/clinicadelriohortega.es\/wp-content\/uploads\/2021\/04\/podologia-santa-pola-laura-hernandez-600x456.jpg 600w, https:\/\/clinicadelriohortega.es\/wp-content\/uploads\/2021\/04\/podologia-santa-pola-laura-hernandez-800x608.jpg 800w, https:\/\/clinicadelriohortega.es\/wp-content\/uploads\/2021\/04\/podologia-santa-pola-laura-hernandez.jpg 1063w\" sizes=\"auto, (max-width: 762px) 100vw, 600px\" \/><\/span><\/div><\/div><\/div><div class=\"fusion-layout-column fusion_builder_column fusion-builder-column-3 fusion_builder_column_1_1 1_1 fusion-flex-column fusion-animated\" style=\"--awb-bg-size:cover;--awb-width-large:100%;--awb-margin-top-large:20px;--awb-spacing-right-large:1.92%;--awb-margin-bottom-large:20px;--awb-spacing-left-large:1.92%;--awb-width-medium:100%;--awb-order-medium:0;--awb-spacing-right-medium:1.92%;--awb-spacing-left-medium:1.92%;--awb-width-small:100%;--awb-order-small:0;--awb-spacing-right-small:1.92%;--awb-spacing-left-small:1.92%;\" data-animationType=\"fadeInRight\" data-animationDuration=\"0.3\" data-animationOffset=\"top-into-view\"><div class=\"fusion-column-wrapper fusion-column-has-shadow fusion-flex-justify-content-flex-start fusion-content-layout-column\"><div class=\"fusion-text fusion-text-4\"><blockquote>\n<p><span class=\"HwtZe\" lang=\"en\"><span class=\"jCAhz ChMk0b\"><span class=\"ryNqvb\">Take care of and pamper your feet.<\/span><\/span> <span class=\"jCAhz ChMk0b\"><span class=\"ryNqvb\">They&#8217;ll take care of you.<\/span><\/span><\/span><\/p>\n<\/blockquote>\n<\/div><\/div><\/div><\/div><\/div><\/p>\n","protected":false},"excerpt":{"rendered":"","protected":false},"author":2,"featured_media":0,"parent":14234,"menu_order":0,"comment_status":"closed","ping_status":"closed","template":"","meta":{"footnotes":""},"class_list":["post-14242","page","type-page","status-publish","hentry"],"_links":{"self":[{"href":"https:\/\/clinicadelriohortega.es\/en\/wp-json\/wp\/v2\/pages\/14242","targetHints":{"allow":["GET"]}}],"collection":[{"href":"https:\/\/clinicadelriohortega.es\/en\/wp-json\/wp\/v2\/pages"}],"about":[{"href":"https:\/\/clinicadelriohortega.es\/en\/wp-json\/wp\/v2\/types\/page"}],"author":[{"embeddable":true,"href":"https:\/\/clinicadelriohortega.es\/en\/wp-json\/wp\/v2\/users\/2"}],"replies":[{"embeddable":true,"href":"https:\/\/clinicadelriohortega.es\/en\/wp-json\/wp\/v2\/comments?post=14242"}],"version-history":[{"count":3,"href":"https:\/\/clinicadelriohortega.es\/en\/wp-json\/wp\/v2\/pages\/14242\/revisions"}],"predecessor-version":[{"id":14246,"href":"https:\/\/clinicadelriohortega.es\/en\/wp-json\/wp\/v2\/pages\/14242\/revisions\/14246"}],"up":[{"embeddable":true,"href":"https:\/\/clinicadelriohortega.es\/en\/wp-json\/wp\/v2\/pages\/14234"}],"wp:attachment":[{"href":"https:\/\/clinicadelriohortega.es\/en\/wp-json\/wp\/v2\/media?parent=14242"}],"curies":[{"name":"wp","href":"https:\/\/api.w.org\/{rel}","templated":true}]}}

Ms. Laura Hernández

<p><div class="fusion-fullwidth fullwidth-box fusion-builder-row-1 fusion-flex-container nonhundred-percent-fullwidth non-hundred-percent-height-scrolling" style="--awb-border-radius-top-left:0px;--awb-border-radius-top-right:0px;--awb-border-radius-bottom-right:0px;--awb-border-radius-bottom-left:0px;--awb-flex-wrap:wrap;" ><div class="fusion-builder-row fusion-row fusion-flex-align-items-flex-start fusion-flex-content-wrap" style="max-width:1310.4px;margin-left: calc(-4% / 2 );margin-right: calc(-4% / 2 );"><div class="fusion-layout-column fusion_builder_column fusion-builder-column-0 fusion_builder_column_1_1 1_1 fusion-flex-column" style="--awb-bg-size:cover;--awb-width-large:100%;--awb-margin-top-large:20px;--awb-spacing-right-large:1.92%;--awb-margin-bottom-large:20px;--awb-spacing-left-large:1.92%;--awb-width-medium:100%;--awb-order-medium:0;--awb-spacing-right-medium:1.92%;--awb-spacing-left-medium:1.92%;--awb-width-small:100%;--awb-order-small:0;--awb-spacing-right-small:1.92%;--awb-spacing-left-small:1.92%;"><div class="fusion-column-wrapper fusion-column-has-shadow fusion-flex-justify-content-flex-start fusion-content-layout-column"><div class="fusion-title title fusion-title-1 fusion-sep-none fusion-title-text fusion-title-size-one"><h1 class="fusion-title-heading title-heading-left" style="margin:0;"><h1>Ms. Laura Hernández</h1></h1></div><div class="fusion-text fusion-text-1" style="--awb-font-size:18px;--awb-text-color:#cbaa5c;"><p><strong><span class="HwtZe" lang="en"><span class="jCAhz ChMk0b"><span class="ryNqvb">PODIATRIST IN SANTA POLA</span></span></span></strong></p>
</div><div class="fusion-text fusion-text-2"><p><span class="HwtZe" lang="en"><span class="jCAhz ChMk0b"><span class="ryNqvb">Ms. Laura Hernández Herrero is the <strong>head of our Podiatry Unit at Clínica del Río-Hortega</strong>.</span></span> <span class="jCAhz ChMk0b"><span class="ryNqvb">She graduated in Podiatry (registration number 3064) from the Miguel Hernández University of Elche and specialized in Nail Surgery and Infiltrations at the University of Plasencia.</span></span></span></p>
</div></div></div></div></div><div class="fusion-fullwidth fullwidth-box fusion-builder-row-2 fusion-flex-container nonhundred-percent-fullwidth non-hundred-percent-height-scrolling" style="--awb-border-radius-top-left:0px;--awb-border-radius-top-right:0px;--awb-border-radius-bottom-right:0px;--awb-border-radius-bottom-left:0px;--awb-flex-wrap:wrap;" ><div class="fusion-builder-row fusion-row fusion-flex-align-items-flex-start fusion-flex-content-wrap" style="max-width:1310.4px;margin-left: calc(-4% / 2 );margin-right: calc(-4% / 2 );"><div class="fusion-layout-column fusion_builder_column fusion-builder-column-1 fusion_builder_column_1_2 1_2 fusion-flex-column fusion-flex-align-self-flex-start" style="--awb-bg-size:cover;--awb-width-large:50%;--awb-margin-top-large:20px;--awb-spacing-right-large:0%;--awb-margin-bottom-large:20px;--awb-spacing-left-large:3.84%;--awb-width-medium:50%;--awb-order-medium:0;--awb-spacing-right-medium:0%;--awb-spacing-left-medium:3.84%;--awb-width-small:100%;--awb-order-small:0;--awb-spacing-right-small:1.92%;--awb-spacing-left-small:1.92%;"><div class="fusion-column-wrapper fusion-column-has-shadow fusion-flex-justify-content-flex-start fusion-content-layout-column"><div class="fusion-text fusion-text-3"><p><span class="HwtZe" lang="en"><span class="jCAhz ChMk0b"><span class="ryNqvb">Her professional experience includes working as a podiatrist for various national sports teams, as well as participating in countless podiatry events and symposiums.</span></span> <span class="jCAhz ChMk0b"><span class="ryNqvb">Before joining our clinic, Laura worked in various clinics and hospitals in the province of Alicante, completing her time there to move to Santa Pola.</span></span></span></p>
<p><span class="HwtZe" lang="en"><span class="jCAhz ChMk0b"><span class="ryNqvb">He stands out for his <strong>passion for his profession and for the excellent communication</strong> he offers to patients, explaining in a friendly way what is happening to us and how to solve it.</span></span></span></p>
<p><span class="HwtZe" lang="en"><span class="jCAhz ChMk0b"><span class="ryNqvb"><strong>Specializing in dry needling of the lower limbs</strong>, she also performs gel nail reconstruction for dystrophic or fungal nails.</span></span> <span class="jCAhz ChMk0b"><span class="ryNqvb">Thanks to her research work since 2014 at Miguel Hernández University, she has received additional training in anesthesia, inoculation techniques, and sample collection.</span></span></span></p>
</div></div></div><div class="fusion-layout-column fusion_builder_column fusion-builder-column-2 fusion_builder_column_1_2 1_2 fusion-flex-column fusion-flex-align-self-center fusion-animated" style="--awb-bg-size:cover;--awb-width-large:50%;--awb-margin-top-large:0px;--awb-spacing-right-large:13.824%;--awb-margin-bottom-large:0px;--awb-spacing-left-large:14.592%;--awb-width-medium:50%;--awb-order-medium:0;--awb-spacing-right-medium:13.824%;--awb-spacing-left-medium:14.592%;--awb-width-small:100%;--awb-order-small:0;--awb-spacing-right-small:1.92%;--awb-spacing-left-small:1.92%;" data-animationType="fadeInRight" data-animationDuration="0.3" data-animationOffset="top-into-view"><div class="fusion-column-wrapper fusion-column-has-shadow fusion-flex-justify-content-flex-start fusion-content-layout-column"><div class="fusion-image-element " style="--awb-max-width:100%;--awb-caption-title-font-family:var(--h2_typography-font-family);--awb-caption-title-font-weight:var(--h2_typography-font-weight);--awb-caption-title-font-style:var(--h2_typography-font-style);--awb-caption-title-size:var(--h2_typography-font-size);--awb-caption-title-transform:var(--h2_typography-text-transform);--awb-caption-title-line-height:var(--h2_typography-line-height);--awb-caption-title-letter-spacing:var(--h2_typography-letter-spacing);"><span class=" fusion-imageframe imageframe-none imageframe-1 hover-type-none" style="border-radius:12px;"><img loading="lazy" decoding="async" width="1063" height="808" alt="Podologa en Santa Pola Laura Hernández" title="podologia-santa-pola-laura-hernandez" src="https://clinicadelriohortega.es/wp-content/uploads/2021/04/podologia-santa-pola-laura-hernandez.jpg" class="img-responsive wp-image-4969" srcset="https://clinicadelriohortega.es/wp-content/uploads/2021/04/podologia-santa-pola-laura-hernandez-200x152.jpg 200w, https://clinicadelriohortega.es/wp-content/uploads/2021/04/podologia-santa-pola-laura-hernandez-400x304.jpg 400w, https://clinicadelriohortega.es/wp-content/uploads/2021/04/podologia-santa-pola-laura-hernandez-600x456.jpg 600w, https://clinicadelriohortega.es/wp-content/uploads/2021/04/podologia-santa-pola-laura-hernandez-800x608.jpg 800w, https://clinicadelriohortega.es/wp-content/uploads/2021/04/podologia-santa-pola-laura-hernandez.jpg 1063w" sizes="auto, (max-width: 762px) 100vw, 600px" /></span></div></div></div><div class="fusion-layout-column fusion_builder_column fusion-builder-column-3 fusion_builder_column_1_1 1_1 fusion-flex-column fusion-animated" style="--awb-bg-size:cover;--awb-width-large:100%;--awb-margin-top-large:20px;--awb-spacing-right-large:1.92%;--awb-margin-bottom-large:20px;--awb-spacing-left-large:1.92%;--awb-width-medium:100%;--awb-order-medium:0;--awb-spacing-right-medium:1.92%;--awb-spacing-left-medium:1.92%;--awb-width-small:100%;--awb-order-small:0;--awb-spacing-right-small:1.92%;--awb-spacing-left-small:1.92%;" data-animationType="fadeInRight" data-animationDuration="0.3" data-animationOffset="top-into-view"><div class="fusion-column-wrapper fusion-column-has-shadow fusion-flex-justify-content-flex-start fusion-content-layout-column"><div class="fusion-text fusion-text-4"><blockquote>
<p><span class="HwtZe" lang="en"><span class="jCAhz ChMk0b"><span class="ryNqvb">Take care of and pamper your feet.</span></span> <span class="jCAhz ChMk0b"><span class="ryNqvb">They&#8217;ll take care of you.</span></span></span></p>
</blockquote>
</div></div></div></div></div></p>
